9015508?
8
What is the hundreds digit of 2239511?
5
What is the hundred thousands digit of 22689753?
6
What is the hundred thousands digit of 206267?
2
What is the millions digit of 1053460?
1
What is the hundreds digit of 35583?
5
What is the units digit of 7364332?
2
What is the ten thousands digit of 142534?
4
What is the hundred thousands digit of 840331?
8
What is the hundred thousands digit of 8820786?
8
What is the tens digit of 334763?
6
What is the tens digit of 370198?
9
What is the hundreds digit of 27443403?
4
What is the tens digit of 363076?
7
What is the hundred thousands digit of 465862?
4
What is the tens digit of 25833893?
9
What is the ten thousands digit of 423029?
2
What is the hundred thousands digit of 203986?
2
What is the tens digit of 355975?
7
What is the ten thousands digit of 750014?
5
What is the units digit of 399730?
0
What is the units digit of 2211738?
8
What is the tens digit of 352956?
5
What is the units digit of 2585033?
3
What is the units digit of 10159529?
9
What is the hundred thousands digit of 1706262?
7
What is the thousands digit of 2360898?
0
What is the millions digit of 15689524?
5
What is the hundred thousands digit of 198112?
1
What is the ten thousands digit of 4539524?
3
What is the hundred thousands digit of 14298757?
2
What is the thousands digit of 11650?
1
What is the units digit of 555?
5
What is the tens digit of 318628?
2
What is the thousands digit of 8781447?
1
What is the thousands digit of 317273?
7
What is the hundreds digit of 160653?
6
What is the thousands digit of 4289928?
9
What is the tens digit of 1197616?
1
What is the hundred thousands digit of 565850?
5
What is the hundreds digit of 2041501?
5
What is the hundreds digit of 1123067?
0
What is the ten thousands digit of 2969115?
6
What is the hundreds digit of 2051172?
1
What is the ten thousands digit of 3438745?
3
What is the millions digit of 26447042?
6
What is the ten thousands digit of 260989?
6
What is the ten thousands digit of 239321?
3
What is the hundred thousands digit of 1069050?
0
What is the thousands digit of 788957?
8
What is the ten thousands digit of 290069?
9
What is the ten thousands digit of 438242?
3
What is the tens digit of 5631952?
5
What is the units digit of 4649251?
1
What is the thousands digit of 67632?
7
What is the tens digit of 1951?
5
What is the hundreds digit of 980519?
5
What is the hundreds digit of 248237?
2
What is the hundred thousands digit of 1393325?
3
What is the units digit of 102112?
2
What is the hundreds digit of 231402?
4
What is the hundred thousands digit of 3645628?
6
What is the hundred thousands digit of 4355701?
3
What is the thousands digit of 67745?
7
What is the ten thousands digit of 66632?
6
What is the hundred thousands digit of 1603962?
6
What is the units digit of 426577?
7
What is the ten thousands digit of 79810?
7
What is the hundreds digit of 188181?
1
What is the units digit of 10633285?
5
What is the ten thousands digit of 580239?
8
What is the hundreds digit of 103969?
9
What is the ten thousands digit of 3950141?
5
What is the units digit of 6133238?
8
What is the millions digit of 2012206?
2
What is the tens digit of 4439280?
8
What is the hundreds digit of 1632123?
1
What is the ten thousands digit of 209753?
0
What is the millions digit of 2830804?
2
What is the thousands digit of 319181?
9
What is the thousands digit of 404367?
4
What is the hundreds digit of 721360?
3
What is the thousands digit of 19348894?
8
What is the hundreds digit of 1352704?
7
What is the ten thousands digit of 316771?
1
What is the units digit of 1378611?
1
What is the hundreds digit of 355619?
6
What is the units digit of 7912006?
6
What is the ten thousands digit of 5207348?
0
What is the hundreds digit of 22806?
8
What is the hundred thousands digit of 26807375?
8
What is the units digit of 6147430?
0
What is the tens digit of 418450?
5
What is the millions digit of 10626144?
0
What is the thousands digit of 2400511?
0
What is the thousands digit of 9271888?
1
What is the hundred thousands digit of 2633208?
6
What is the hundreds digit of 234954?
9
What is the tens digit of 224881?
8
What is the units digit of 66315?
5
What is the hundreds digit of 90203?
2
What is the tens digit of 1271317?
1
What is the hundreds digit of 49861?
8
What is the units digit of 3015069?
9
What is the hundreds digit of 28949?
9
What is the hundred thousands digit of 6053010?
0
What is the hundred thousands digit of 6621977?
6
What is the ten millions digit of 21740132?
2
What is the thousands digit of 9658742?
8
What is the ten thousands digit of 1702187?
0
What is the millions digit of 1191380?
1
What is the hundred thousands digit of 10539556?
5
What is the hundreds digit of 12919093?
0
What is the thousands digit of 93160?
3
What is the tens digit of 627934?
3
What is the thousands digit of 709736?
9
What is the ten thousands digit of 730706?
3
What is the units digit of 376172?
2
What is the units digit of 944294?
4
What is the hundreds digit of 795549?
5
What is the units digit of 415462?
2
What is the thousands digit of 39193576?
3
What is the units digit of 560956?
6
What is the tens digit of 1431978?
7
What is the ten thousands digit of 3067496?
6
What is the tens digit of 290719?
1
What is the thousands digit of 9893?
9
What is the thousands digit of 480774?
0
What is the tens digit of 422548?
4
What is the hundreds digit of 9654172?
1
What is the hundred thousands digit of 6098875?
0
What is the units digit of 471122?
2
What is the units digit of 86875?
5
What is the ten thousands digit of 11618?
1
What is the units digit of 608324?
4
What is the thousands digit of 378510?
8
What is the hundreds digit of 1384936?
9
What is the units digit of 1071710?
0
What is the units digit of 259651?
1
What is the thousands digit of 59099?
9
What is the units digit of 2758458?
8
What is the hundred thousands digit of 10598490?
5
What is the ten thousands digit of 3017671?
1
What is the thousands digit of 21770768?
0
What is the units digit of 1251131?
1
What is the hundreds digit of 1793736?
7
What is the hundred thousands digit of 1312927?
3
What is the tens digit of 200254?
5
What is the ten thousands digit of 20660781?
6
What is the thousands digit of 580718?
0
What is the hundred thousands digit of 224887?
2
What is the tens digit of 3522839?
3
What is the thousands digit of 227238?
7
What is the hundred thousands digit of 188958?
1
What is the thousands digit of 484422?
4
What is the tens digit of 4883183?
8
What is the thousands digit of 18746150?
6
What is the hundred thousands digit of 4210008?
2
What is the hundred thousands digit of 447466?
4
What is the hundred thousands digit of 632344?
6
What is the hundred thousands digit of 3943032?
9
What is the ten thousands digit of 1256715?
5
What is the millions digit of 21963864?
1
What is the units digit of 719830?
0
What is the hundreds digit of 263068?
0
What is the tens digit of 60848?
4
What is the units digit of 81259?
9
What is the thousands digit of 61725?
1
What is the ten thousands digit of 7569271?
6
What is the units digit of 1976158?
8
What is the tens digit of 1310891?
9
What is the units digit of 1855105?
5
What is the tens digit of 111070?
7
What is the hundreds digit of 3809481?
4
What is the tens digit of 5608504?
0
What is the units digit of 245098?
8
What is the ten thousands digit of 5737623?
3
What is the units digit of 360632?
2
What is the units digit of 1530947?
7
What is the units digit of 497660?
0
What is the millions digit of 6183091?
6
What is the ten thousands digit of 256787?
5
What is the tens digit of 3242394?
9
What is the hundreds digit of 3053778?
7
What is the hundred thousands digit of 8187853?
1
What is the millions digit of 1591013?
1
What is the thousands digit of 342674?
2
What is the tens digit of 6346680?
8
What is the ten thousands digit of 7198391?
9
What is the hundred thousands digit of 3940883?
9
What is the units digit of 2347086?
6
What is the units digit of 11033272?
2
What is the hundred thousands digit of 456859?
4
What is the thousands digit of 3891330?
1
What is the hundred thousands digit of 959266?
9
What is the units digit of 1740079?
9
What is the hundreds digit of 1833024?